242312487 prime?
False
Is 95522876477 composite?
True
Is 31469598139 a prime number?
False
Is 3063654989 a prime number?
False
Is 17172842431 a composite number?
True
Is 42688616189 a composite number?
True
Is 404361961 a composite number?
True
Is 3816174473 prime?
True
Is 112694062133 prime?
False
Is 1124959898 composite?
True
Is 14086261417 a composite number?
False
Is 1732037 prime?
True
Is 153714749 a prime number?
False
Is 45306042419 a composite number?
True
Is 2698555091 composite?
True
Is 18791764505 a composite number?
True
Is 1502748791 a composite number?
False
Is 1594578383 a prime number?
False
Is 54688703 a composite number?
False
Is 216632291 a composite number?
True
Is 37942523483 composite?
False
Is 4085209073 a composite number?
True
Is 105601085951 prime?
True
Is 1215730141 a prime number?
False
Is 8393163239 composite?
False
Is 2897979593 a prime number?
True
Is 16925560481 a prime number?
True
Is 60683911 a composite number?
False
Is 79309892183 composite?
True
Is 7641852797 composite?
False
Is 58252333939 a composite number?
False
Is 63810487571 composite?
False
Is 2480439719 prime?
False
Is 2649954313 composite?
True
Is 15219936449 a composite number?
False
Is 3316034949 a prime number?
False
Is 1281550051 a prime number?
False
Is 7584764249 a composite number?
False
Is 5672573453 composite?
False
Is 12810448087 prime?
False
Is 272761789 a prime number?
False
Is 1961132689 composite?
False
Is 16307797837 composite?
True
Is 1120734005 composite?
True
Is 60619904201 a prime number?
True
Is 2342639671 a prime number?
False
Is 3521328509 composite?
True
Is 19246398793 prime?
True
Is 4351223467 composite?
True
Is 136102061 composite?
True
Is 13332454427 a composite number?
False
Is 1111555607 composite?
False
Is 7463434201 a prime number?
True
Is 1139239417 prime?
False
Is 46782523 prime?
False
Is 296978420317 a prime number?
True
Is 10415739991 a prime number?
True
Is 3382018597 a composite number?
True
Is 2456069471 a prime number?
False
Is 23373261565 composite?
True
Is 8090400935 composite?
True
Is 2564653997 a prime number?
False
Is 37988833 a prime number?
True
Is 37857901 prime?
False
Is 22302989479 a composite number?
True
Is 3755637253 prime?
True
Is 61589537 a composite number?
False
Is 2966089771 composite?
True
Is 78176578 prime?
False
Is 2477614897 a composite number?
False
Is 56975698459 a prime number?
True
Is 550882597 composite?
False
Is 3672786217 prime?
True
Is 1658175301 a composite number?
False
Is 498416957 composite?
False
Is 102518467 prime?
True
Is 36463155281 prime?
False
Is 7750951339 prime?
True
Is 81859809659 a composite number?
True
Is 189137932613 prime?
False
Is 11768480039 a prime number?
True
Is 7264610995 a prime number?
False
Is 5631477107 prime?
True
Is 3769518271 prime?
True
Is 2520393053 a composite number?
True
Is 37051186049 a composite number?
False
Is 52880560361 prime?
True
Is 4101333907 a composite number?
True
Is 26412002887 a prime number?
True
Is 2107145965 prime?
False
Is 176666146801 a composite number?
True
Is 341632763 a composite number?
False
Is 139512019 a prime number?
False
Is 14150857345 composite?
True
Is 4839285985 composite?
True
Is 13729939553 a prime number?
False
Is 569407477 prime?
True
Is 2149557253 a prime number?
False
Is 55066548481 prime?
False
Is 27377371535 composite?
True
Is 79215821203 composite?
False
Is 2627776169 a prime number?
True
Is 8929005259 a composite number?
False
Is 167958361 composite?
True
Is 3392290589 a composite number?
True
Is 21000060979 a composite number?
True
Is 620359826 prime?
False
Is 17927741203 prime?
True
Is 9930301981 composite?
False
Is 89126979481 a composite number?
False
Is 247059139 composite?
False
Is 90165737 prime?
True
Is 160907869 a composite number?
False
Is 2589906023 prime?
False
Is 24013350397 a prime number?
True
Is 1253987497 a composite number?
True
Is 1108562971 prime?
False
Is 9089567743 a composite number?
False
Is 2036566487 a composite number?
True
Is 8918667083 a prime number?
True
Is 9978307613 a composite number?
False
Is 26453304149 composite?
True
Is 126191999 composite?
False
Is 43868338061 prime?
False
Is 4003181543 a prime number?
True
Is 3031895639 a prime number?
True
Is 1787401631 prime?
False
Is 945633023 a composite number?
False
Is 3174861409 prime?
True
Is 4985245511 composite?
True
Is 1563147847 composite?
False
Is 13820447647 composite?
True
Is 182551741613 prime?
True
Is 5637733181 composite?
True
Is 1175428081 a prime number?
True
Is 50086006639 composite?
False
Is 99102394294 prime?
False
Is 859305527 a composite number?
True
Is 35554380923 composite?
False
Is 5828990849 a prime number?
False
Is 1390429561 a composite number?
False
Is 19920517141 prime?
False
Is 1274990439 composite?
True
Is 17691346459 a composite number?
False
Is 706157783 composite?
False
Is 674630141 composite?
False
Is 2411755649 prime?
True
Is 270562111 composite?
False
Is 16340640401 a composite number?
False
Is 301074186547 a prime number?
True
Is 942068681 a prime number?
False
Is 1799838809 a composite number?
True
Is 516215803 a composite number?
True
Is 2361882479 prime?
False
Is 4028476651 prime?
True
Is 81652861165 a prime number?
False
Is 106541871479 composite?
True
Is 232565699 a composite number?
False
Is 24893369623 a composite number?
False
Is 995191151 a prime number?
True
Is 21886259683 a composite number?
False
Is 2696133877 a prime number?
False
Is 9531973733 prime?
False
Is 4063137899 a prime number?
True
Is 12807933451 a prime number?
True
Is 8561080903 composite?
False
Is 4001631835 a composite number?
True
Is 1612656167 a prime number?
True
Is 245621811433 a prime number?
False
Is 557908019 prime?
True
Is 278070165533 a composite number?
True
Is 287740507 composite?
False
Is 3538660907 prime?
True
Is 784680247 a composite number?
True
Is 13471906823 prime?
True
Is 1241310221 a prime number?
True
Is 132636750553 a prime number?
False
Is 373128751 composite?
False
Is 5000175683 a prime number?
False
Is 21556722809 a composite number?
True
Is 3710859641 a prime number?
True
Is 3316217401 a prime number?
False
Is 103389589 prime?
False
Is 2008163699 a prime number?
True
Is 913497749 prime?
False
Is 666679337 composite?
True
Is 1360194233 a prime number?
True
Is 257626021 a prime number?
True
Is 385432681 composite?
True
Is 6103666201 prime?
False
Is 3007774337 prime?
False
Is 1594900129 prime?
True
Is 1554717497 prime?
True
Is 892794827 a composite number?
False
Is 2282173 a prime number?
True
Is 14417216551 composite?
True
Is 10588171741 a prime number?
False
Is 68437023979 a prime number?
True
Is 5277279809 a composite number?
False
Is 13127927983 a prime number?
True
Is 13269237563 composite?
False
Is 13859089 prime?
False
Is 877473227 a composite number?
True
Is 3882421327 a prime number?
True
Is 1299200963 a composite number?
False
Is 2380316687 composite?
True
Is 30892747481 prime?
True
Is 260001281 a prime number?
False
Is 943744121 a composite number?
False
Is 1923813187 a prime number?
False
Is 41601789997 composite?
False
Is 5658754529 composite?
False
Is 13203238109 a prime number?
True
Is 74645533957 composite?
True
Is 7098227863 prime?
True
Is 154865411 prime?
True
Is 10595608181 composite?
True
Is 1143827339 a composite number?
False
Is 1161710057 prime?
True
Is 25060314871 composite?
False
Is 10659426509 a prime number?
True
Is 1671442549 a prime number?
False
Is 3354015571 a composite number?
False
Is 16805512057 composite?
True
Is 42895649 a prime number?
False
Is 11311516631 a composite number?
True
Is 842076457 a prime number?
True
Is 528239641 a composite number?
False
Is 33903091489 composite?
True
Is 60991492967 composite?
False
Is 4152825251 composite?
True
Is 9919184629 prime?
True
Is 435533243 a prime number?
False
Is 1476472267 a prime number?
True
Is 328735051 composite?
True
Is 1570020923 prime?
True
Is 6432196573 a composite number?
True
Is 30019611077 composite?
True
Is 2046317159 prime?
False
Is 3648648187 a composite number?
False
Is 97277258041 a composite number?
False
Is 13904762309 prime?
False
Is 6039104567 composite?
False
Is 22024518337 composite?
False
Is 753196447 composite?
False
Is 35740030373 a composite number?
True
Is 175609166 prime?
False
I